g/(-7) - (-8)/28?
2
Suppose 5*l - 9*l + 2408 = -4*p, -593 = -l + 4*p. What is the hundreds digit of l?
6
Let z be (-1)/1 - (-100)/(-10). Let m be (-2)/11 - 57/z. Suppose -24 = -m*h + 1. What is the units digit of h?
5
Let y be -12*(-5)/((-45)/(-6)). Let t(p) = -3 + y - 2*p + 2*p + p**2 - 5*p. What is the tens digit of t(7)?
1
What is the hundreds digit of (-7)/(35/(-6))*(-3880)/(-16)?
2
Suppose -1983 = -h - 215. What is the units digit of h?
8
Suppose -984 = -p - 69. Suppose -5*w = 5*s - 355 - p, -s = -3*w + 758. What is the units digit of w?
3
Let h = 755 - 204. What is the hundreds digit of h?
5
Suppose 5*u - 4*x - 8240 + 705 = 0, 4*x = u - 1523. What is the hundreds digit of u?
5
Suppose 20*q + 15318 = 26*q. What is the thousands digit of q?
2
What is the units digit of 5/(-2)*(21 - 23)?
5
Let b(d) = -9*d**3 + 19*d**2 + d - 5. What is the hundreds digit of b(-6)?
6
What is the units digit of 3*(-6)/27 - 5816/(-12)?
4
What is the tens digit of (98920/60)/(-2 - 16/(-6))?
7
Suppose 2*q - 4*o = -8, -1 = -4*q - o + 10. Suppose -q*z = 7 - 155. What is the units digit of -5*4/((-40)/z)?
7
Let s(h) = h**3 + 4*h**2 - 4. Let z be s(-3). Let q = z + -12. Let u = q - -22. What is the tens digit of u?
1
Suppose 5*i - 19 = -4*j, -4*j - 4*i = -0*j - 16. What is the units digit of (1 + 1)/(j + 3 + -2)?
1
Suppose -4*x - 3*r + 48 = 0, 4*x = r + 2*r + 24. Suppose x*u = 3*u + 294. What is the tens digit of u?
4
Let u = 2627 - 540. What is the units digit of u?
7
Suppose 56 = x + 9. Let t = 87 - x. What is the units digit of t?
0
Suppose c - 3360 = -s, 3*c - 7*c = -s - 13445. What is the units digit of c?
1
Suppose 0 = -166*b + 155*b + 9636. What is the units digit of b?
6
Suppose -u - 2*z = -3 - 167, 3*u - 530 = -2*z. What is the units digit of u?
0
Suppose -2*l - 3 = -l. Let i be l/(-7)*(5 - -2). Suppose -i*m = 3*v - 7*v + 151, -m = v - 36. What is the tens digit of v?
3
Let r = -53 + 109. Suppose u - 126 = r. What is the hundreds digit of u?
1
Let i(z) = 14*z**2 + 22*z - 6. What is the units digit of i(7)?
4
Let k = 773 - 119. What is the tens digit of k?
5
Suppose -29 = -2*m + 67. Suppose -2*c - 2*z + 16 = 0, -2*z + m = 5*c - z. What is the tens digit of c?
1
Suppose -2*m + 9*m - 2590 = 0. Suppose 3*z - m = -2*c, 2*c - 4 = -6. What is the hundreds digit of z?
1
Suppose 2*u - 5*i = -22 - 6, 5*u - i + 24 = 0. What is the tens digit of (98/(-4) - (-3)/(-3))*u?
0
Suppose -2 - 18 = 5*n. Let h(z) = 6*z**2 + 3*z + 3. Let r be h(n). Suppose -73 = -4*p - 3*q - 10, q - r = -5*p. What is the tens digit of p?
1
Suppose -3*x = -x - 906. Suppose 5*u + 83 = x. What is the tens digit of u?
7
What is the hundreds digit of 6*(-1)/2 - (-2340)/6?
3
Suppose 0 = -4*o - 368 - 12. What is the tens digit of 38/o - (-814)/10?
8
Let r = -3788 - -6933. What is the hundreds digit of r?
1
Let p(c) = 3*c - 3. Let j(l) = 3*l - 3. Let r(m) = 3*j(m) - 2*p(m). Suppose 0*b - 2*w - 10 = -4*b, -3*b + 3*w = -9. What is the units digit of r(b)?
3
Let p(c) = c**2 - 10*c - 9. Let k be p(8). Let m be (37 - 2)*(-10)/k. Let u = -1 + m. What is the units digit of u?
3
Suppose 0*m + 3*m - 2*p = 4613, 0 = -4*p + 20. What is the units digit of m?
1
Suppose -28 = i + i + 2*n, -3*i = -n + 26. Let p(j) = -2*j - 15. Let k be p(i). Suppose 6*h = k*h + 3. What is the units digit of h?
3
Let w(u) be the first derivative of u**2 + 16*u + 22. What is the tens digit of w(-3)?
1
Let k be -25*(-5 + 3)/(-2). Let y = k - -37. Let a(x) = -x**3 + 12*x**2 + x + 13. What is the tens digit of a(y)?
2
Let y(u) = 844*u + 121. What is the hundreds digit of y(3)?
6
Let j be 24/(-18) - (-5)/(-3). What is the units digit of ((-1834)/(-21) + 2)*j/(-2)?
4
What is the tens digit of ((-8520)/8)/(-2 - -1)?
6
Let s be (-3 + -2)*-1 - -90. Let b = s + 118. What is the hundreds digit of b?
2
Let g = -99 + 361. What is the units digit of g?
2
Suppose 7683 = 3*b + 11*j - 14*j, j - 4 = 0. What is the thousands digit of b?
2
Suppose 19*y - 4189 = -5*r + 18*y, 2*y = r - 840. What is the hundreds digit of r?
8
Let g be (32/24)/(6/(-27)). Let l(m) = m**3 + 8*m**2 - 2*m - 13. What is the tens digit of l(g)?
7
Let b(u) = u**2 - 2*u - 2. Let v be b(3). Let d(f) be the first derivative of 29*f**2/2 - f - 18. What is the units digit of d(v)?
8
Let k be (-2)/(-35)*5 - 48/(-28). Suppose -147 = -3*n + k*n. What is the hundreds digit of n?
1
Let f(r) = 8*r**2 - 2*r - 1. Let z be f(2). Suppose -2*k = -z - 1. Suppose 5*c - 19 + k = 0. What is the units digit of c?
1
Let u be (0 - -2) + -2 + -5. Let j = u + 3. What is the units digit of -1 + j + -1 + 7?
3
What is the units digit of 7/(-2)*112/(-21)*21?
2
Suppose -7*g = -4978 + 1702. Let s = g + -297. What is the units digit of s?
1
Suppose -s + 501 = 4*a, -5*a + 642 = -6*s + 2*s. Suppose -q - 40 = -4*x + 2*x, -5*x - 4*q = -a. What is the tens digit of x?
2
Let r = 1394 + -795. What is the hundreds digit of r?
5
Let b be (3/(-27))/(3/9)*-6. What is the units digit of (2/2)/(b/398)?
9
Suppose 0*l + 32 = -4*l. Let a = l - -7. What is the tens digit of (a/2)/(3/(-108))?
1
Let s be 2/4 + (-2)/4. Suppose -2*v + 5*l = -0*l - 95, s = 2*l + 10. Let p = v - 3. What is the units digit of p?
2
Let p = 52 + -54. Let u = p + 35. What is the units digit of u?
3
Let b be (-2)/4 + (-186)/(-12). Let o = 7 - b. Let s = o + 11. What is the units digit of s?
3
Let b(g) = g**3 + 32*g**2 + 54*g - 29. What is the units digit of b(-21)?
8
Let q(c) = -c**3 - 8*c**2 + 11*c + 21. Let l be q(-9). Suppose 0 = -3*y, -6*p + y + 6 = -l*p. What is the units digit of p?
2
Let d = -25 + 64. Suppose -d*t + 426 = -37*t. What is the hundreds digit of t?
2
Suppose -1463 = -12*g - 443. What is the units digit of g?
5
Let g = -549 - -2013. What is the tens digit of g?
6
Let z be -1 + 18 - (-5 - -5). Suppose -5*v - 3 = 2*x, 0*x = -4*v - 2*x - 4. Let l = z + v. What is the units digit of l?
8
Let n(j) = -j**2 + 14*j + 21. Let q(v) = -15*v**3 + 2*v + 2. Let w be q(-1). Let h be n(w). Suppose h*d = 4*d + 20. What is the units digit of d?
0
Suppose 0 = 4*i + 12, 3*i = 7*w - 3*w - 185. What is the units digit of w?
4
Suppose -4*x - x + 20 = 0, 5*w - 2 = 2*x. Suppose 0*k - 6 = -w*k. What is the units digit of k/(-4) - (-93)/12?
7
Let o = 9 + -14. Let w = o - -5. Suppose 5*d - 33 = 4*c, -4*c + 8 + 4 = w. What is the units digit of d?
9
Let q = 76 - 65. What is the units digit of 3*q*(-12 + 15)?
9
Suppose 0 = 36*u + 6*u - 193746. What is the tens digit of u?
1
Suppose -26242 - 14414 = -66*l. What is the hundreds digit of l?
6
Suppose -o + 26 + 38 = 2*r, 0 = -r + 3. Suppose 4*t - o - 96 = -3*f, 3*f = -2*t + 164. What is the units digit of f?
8
Let h(r) = -18*r + 562. What is the tens digit of h(-31)?
2
Let x(p) = 2*p**2 + 47*p + 88. What is the thousands digit of x(-37)?
1
Let b be (3 - -5)/4 - 0. Suppose 5*m - 660 = m + v, b*v = 8. What is the hundreds digit of m?
1
Let p = 118 + 597. What is the hundreds digit of p?
7
Suppose 2*m - 4 + 19 = -5*v, 0 = -2*m + v + 15. Suppose -4*z + 0*p = p + 9, 0 = -3*z + m*p - 1. Let n = z + 26. What is the units digit of n?
4
Suppose 3*h = -h - 52. Let w = -10 - h. Suppose -5*j = -20, -w*i - 4 - 3 = -4*j. What is the units digit of i?
3
Let s(y) be the second derivative of 0*y**4 + 2/3*y**3 - 6*y - 3/20*y**5 + 0 - 1/2*y**2. What is the units digit of s(-2)?
5
Suppose -b = -5*r - 27, 3*b - r = -0*r + 53. Let k = 44 - b. What is the tens digit of k?
2
Suppose -4*m = -l - 1844, 6*m - 4*m + 3*l = 922. What is the hundreds digit of m?
4
Suppose 16*l - 11*l - 5*k = 1935, 2*k = 4*l - 1558. What is the tens digit of l?
9
Let q be (152/(-5))/((-147)/(-35) + -4). Suppose 3*l - 55 + 12 = -4*k, -4*k - 2*l + 42 = 0. What is the units digit of ((-5)/k)/(2/q)?
8
Suppose -2*g = 4*x - 386, -4*g - 2*x + 376 = -2*g. Suppose -7*m + 1352 = g. What is the units digit of m?
7
Let t(a) = a**2 + 19*a - 42. Let i be t(-21). Suppose 5*q = f + 502, 3*f - 9 = -i. What is the tens digit of q?
0
Let z = 55 + -28. Suppose 107 = 4*c + z. What is the units digit of c?
0
Suppose -z + 3*c + 2170 = 0, -6*z - 4*c = -3*z - 6445. What is the thousands digit of z?
2
Let i(b) = 4*b**2 - 42*b. What is the tens digit of i(20)?
6
Let c(f) = 2*f - 6. Let h be c(3). Suppose h*s = s - 70. What is the units digit of s?
0
Suppose 0 = 13*v - 7722 + 1326. What is the t